{"id":89,"date":"2024-09-17T13:32:18","date_gmt":"2024-09-17T11:32:18","guid":{"rendered":"https:\/\/www.feine-adressen.online\/s\/?page_id=89"},"modified":"2025-08-15T15:26:08","modified_gmt":"2025-08-15T13:26:08","slug":"ueber-uns","status":"publish","type":"page","link":"https:\/\/www.feine-adressen.online\/stuttgart\/ueber-uns\/","title":{"rendered":"\u00dcber uns"},"content":{"rendered":"\t\t<div data-elementor-type=\"wp-page\" data-elementor-id=\"89\" class=\"elementor elementor-89\" data-elementor-post-type=\"page\">\n\t\t\t\t\t\t<section class=\"elementor-section elementor-top-section elementor-element elementor-element-3c745921 elementor-section-boxed elementor-section-height-default elementor-section-height-default\" data-id=\"3c745921\" data-element_type=\"section\" data-e-type=\"section\">\n\t\t\t\t\t\t<div class=\"elementor-container elementor-column-gap-default\">\n\t\t\t\t\t<div class=\"elementor-column elementor-col-100 elementor-top-column elementor-element elementor-element-697f2439\" data-id=\"697f2439\" data-element_type=\"column\" data-e-type=\"column\">\n\t\t\t<div class=\"elementor-widget-wrap elementor-element-populated\">\n\t\t\t\t\t\t<div class=\"elementor-element elementor-element-50497eaa elementor-widget elementor-widget-heading\" data-id=\"50497eaa\" data-element_type=\"widget\" data-e-type=\"widget\" data-widget_type=\"heading.default\">\n\t\t\t\t<div class=\"elementor-widget-container\">\n\t\t\t\t\t<h2 class=\"elementor-heading-title elementor-size-default\">Business- &amp; Lifestyle-Adressen f\u00fcr Sch\u00f6nes, Besonderes und Einzigartiges in unserer Region<\/h2>\t\t\t\t<\/div>\n\t\t\t\t<\/div>\n\t\t\t\t\t<\/div>\n\t\t<\/div>\n\t\t\t\t\t<\/div>\n\t\t<\/section>\n\t\t<div class=\"elementor-element elementor-element-80bc711 e-flex e-con-boxed e-con e-parent\" data-id=\"80bc711\" data-element_type=\"container\" data-e-type=\"container\">\n\t\t\t\t\t<div class=\"e-con-inner\">\n\t\t<div class=\"elementor-element elementor-element-c9feae8 e-con-full e-flex e-con e-child\" data-id=\"c9feae8\" data-element_type=\"container\" data-e-type=\"container\">\n\t\t\t\t<div class=\"elementor-element elementor-element-da9a0d1 elementor-widget elementor-widget-image\" data-id=\"da9a0d1\" data-element_type=\"widget\" data-e-type=\"widget\" data-widget_type=\"image.default\">\n\t\t\t\t<div class=\"elementor-widget-container\">\n\t\t\t\t\t\t\t\t\t\t\t\t\t\t\t<img fetchpriority=\"high\" decoding=\"async\" width=\"800\" height=\"713\" src=\"https:\/\/www.feine-adressen.online\/stuttgart\/wp-content\/uploads\/2025\/04\/goergens_simone_web-1024x913.jpg\" class=\"attachment-large size-large wp-image-2592\" alt=\"\" srcset=\"https:\/\/www.feine-adressen.online\/stuttgart\/wp-content\/uploads\/2025\/04\/goergens_simone_web-1024x913.jpg 1024w, https:\/\/www.feine-adressen.online\/stuttgart\/wp-content\/uploads\/2025\/04\/goergens_simone_web-300x267.jpg 300w, https:\/\/www.feine-adressen.online\/stuttgart\/wp-content\/uploads\/2025\/04\/goergens_simone_web-768x685.jpg 768w, https:\/\/www.feine-adressen.online\/stuttgart\/wp-content\/uploads\/2025\/04\/goergens_simone_web.jpg 1500w\" sizes=\"(max-width: 800px) 100vw, 800px\" \/>\t\t\t\t\t\t\t\t\t\t\t\t\t\t\t<\/div>\n\t\t\t\t<\/div>\n\t\t\t\t<div class=\"elementor-element elementor-element-38a67ca elementor-widget elementor-widget-text-editor\" data-id=\"38a67ca\" data-element_type=\"widget\" data-e-type=\"widget\" data-widget_type=\"text-editor.default\">\n\t\t\t\t<div class=\"elementor-widget-container\">\n\t\t\t\t\t\t\t\t\t<p><strong>Simone G\u00f6rgens,<\/strong> Herausgeberin<br \/>\u00bbfeine adressen \u2013 finest\u00ab Stuttgart<\/p>\t\t\t\t\t\t\t\t<\/div>\n\t\t\t\t<\/div>\n\t\t\t\t<\/div>\n\t\t<div class=\"elementor-element elementor-element-c5799bf e-con-full e-flex e-con e-child\" data-id=\"c5799bf\" data-element_type=\"container\" data-e-type=\"container\">\n\t\t\t\t<div class=\"elementor-element elementor-element-60889c0 elementor-widget elementor-widget-text-editor\" data-id=\"60889c0\" data-element_type=\"widget\" data-e-type=\"widget\" data-widget_type=\"text-editor.default\">\n\t\t\t\t<div class=\"elementor-widget-container\">\n\t\t\t\t\t\t\t\t\t<p><strong>\u00bbfeine adressen \u2013 finest\u00ab <\/strong><strong>Stuttgart<\/strong> ist zur\u00fcck \u2013 frischer, moderner und mit einer klaren Vision: Die besonderen Seiten unserer Region sichtbar zu machen. Nach einer kreativen Pause startet das Magazin nun neu durch \u2013 unter meiner Herausgeberschaft, mit viel Leidenschaft f\u00fcr Stuttgart und die Menschen, die diese Stadt so lebendig und einzigartig machen.<\/p><p>Unsere Themen sind so vielf\u00e4ltig wie Stuttgart selbst: Business und Gesellschaft, Gesundheit und Genuss, Kultur, Mode, Lifestyle, Soziales, Sport und Tourismus. Wir richten den Blick auf das Au\u00dfergew\u00f6hnliche \u2013 auf besondere Unternehmen, innovative Ideen, inspirierende Pers\u00f6nlichkeiten und Orte, die man einfach entdecken muss. <strong>\u00bbfeine adressen \u2013 finest\u00ab <\/strong>versteht sich als stilvolles Schaufenster f\u00fcr Qualit\u00e4t, \u00c4sthetik und Authentizit\u00e4t \u2013 und als Plattform f\u00fcr all jene, die das Besondere lieben.<\/p><p>Viermal im Jahr erscheint unser hochwertig gestaltetes Printmagazin \u2013 als Teil eines bundesweiten Netzwerks von Regionalausgaben mit einer Reichweite von \u00fcber 225.000 Kontakten pro Ausgabe. Ob M\u00fcnchen, Hamburg, Bodensee oder jetzt wieder Stuttgart: \u00dcberall stehen wir f\u00fcr stilvollen Content und fein kuratierte Themenwelten.<\/p><p>Sie finden <strong>\u00bbfeine adressen \u2013 finest\u00ab <\/strong><strong>Stuttgart<\/strong> bei ausgesuchten Partnern \u2013 in gehobenen Restaurants, eleganten Hotels, exklusiven Boutiquen, bei \u00c4rzten, Anw\u00e4lten, auf Events und in Golfclubs. Und nat\u00fcrlich auch digital \u2013 auf unserer Website und in den sozialen Medien.<\/p><p>Mir pers\u00f6nlich ist wichtig: Dieses Magazin soll nicht nur inspirieren, sondern auch verbinden. Wir m\u00f6chten Unternehmerinnen und Unternehmer aus der Region zusammenbringen, neue Impulse geben und echten Mehrwert schaffen \u2013 f\u00fcr Leserinnen und Leser, f\u00fcr unsere Partner und f\u00fcr die Stadt.<\/p><p>Ich lade Sie herzlich ein, mit uns gemeinsam die feinen Seiten Stuttgarts zu entdecken. Lassen Sie sich inspirieren!<\/p><p>Herzlichst,<br \/><strong>Ihre Simone G\u00f6rgens<\/strong><br \/>Herausgeberin <strong>\u00bbfeine adressen \u2013 finest\u00ab Stuttgart<\/strong><\/p><p>Ich freue mich auf Ihre Nachricht oder rufen Sie mich unter der Rufnummer<br \/>Mobil: 0172-946 6001 gerne an. <br \/>E-Mail:\u00a0<a title=\"mailto:s.g%C3%B6rgens@feineadressen.de\" contenteditable=\"false\" href=\"mailto:s.goergens@feineadressen.de\">s.goergens@feineadressen.de<\/a><\/p>\t\t\t\t\t\t\t\t<\/div>\n\t\t\t\t<\/div>\n\t\t\t\t<\/div>\n\t\t\t\t\t<\/div>\n\t\t\t\t<\/div>\n\t\t\t\t<\/div>\n\t\t","protected":false},"excerpt":{"rendered":"<p>Business- &amp; Lifestyle-Adressen f\u00fcr Sch\u00f6nes, Besonderes und Einzigartiges in unserer Region Simone G\u00f6rgens, Herausgeberin\u00bbfeine adressen \u2013 finest\u00ab Stuttgart \u00bbfeine adressen \u2013 finest\u00ab Stuttgart ist zur\u00fcck \u2013 frischer, moderner und mit einer klaren Vision: Die besonderen Seiten unserer Region sichtbar zu machen. Nach einer kreativen Pause startet das Magazin nun neu durch \u2013 unter meiner Herausgeberschaft, [&hellip;]<\/p>\n","protected":false},"author":7,"featured_media":0,"parent":0,"menu_order":0,"comment_status":"closed","ping_status":"closed","template":"elementor_header_footer","meta":{"iawp_total_views":228,"footnotes":""},"class_list":["post-89","page","type-page","status-publish","hentry"],"_links":{"self":[{"href":"https:\/\/www.feine-adressen.online\/stuttgart\/wp-json\/wp\/v2\/pages\/89","targetHints":{"allow":["GET"]}}],"collection":[{"href":"https:\/\/www.feine-adressen.online\/stuttgart\/wp-json\/wp\/v2\/pages"}],"about":[{"href":"https:\/\/www.feine-adressen.online\/stuttgart\/wp-json\/wp\/v2\/types\/page"}],"author":[{"embeddable":true,"href":"https:\/\/www.feine-adressen.online\/stuttgart\/wp-json\/wp\/v2\/users\/7"}],"replies":[{"embeddable":true,"href":"https:\/\/www.feine-adressen.online\/stuttgart\/wp-json\/wp\/v2\/comments?post=89"}],"version-history":[{"count":19,"href":"https:\/\/www.feine-adressen.online\/stuttgart\/wp-json\/wp\/v2\/pages\/89\/revisions"}],"predecessor-version":[{"id":3606,"href":"https:\/\/www.feine-adressen.online\/stuttgart\/wp-json\/wp\/v2\/pages\/89\/revisions\/3606"}],"wp:attachment":[{"href":"https:\/\/www.feine-adressen.online\/stuttgart\/wp-json\/wp\/v2\/media?parent=89"}],"curies":[{"name":"wp","href":"https:\/\/api.w.org\/{rel}","templated":true}]}}